omposite?
True
Is 116941387 a prime number?
True
Is 3341021 a prime number?
True
Is 797809 a composite number?
True
Is 67689977 a composite number?
False
Is 4764181 composite?
False
Is 12605471 a prime number?
False
Is 54430927 composite?
False
Is 133409609 a prime number?
True
Is 12029819 a composite number?
False
Is 151348367 a composite number?
False
Is 94551211 composite?
False
Is 127245333 composite?
True
Is 1948411 a prime number?
True
Is 13953365 a prime number?
False
Is 123311249 a composite number?
False
Is 1689697 composite?
True
Is 252520607 a composite number?
False
Is 18811027 composite?
True
Is 482981019 a prime number?
False
Is 27044041 prime?
True
Is 67211 composite?
False
Is 15082351 a prime number?
False
Is 239716091 a prime number?
False
Is 37536727 composite?
False
Is 270539 prime?
True
Is 75157703 composite?
True
Is 643996877 composite?
True
Is 34917061 a composite number?
True
Is 13182959 a prime number?
True
Is 5322301 prime?
True
Is 150926729 a composite number?
True
Is 7038709 a composite number?
False
Is 1075601 a composite number?
False
Is 909203 a prime number?
True
Is 155557 a composite number?
False
Is 14625073 composite?
True
Is 42288283 composite?
True
Is 161021 a composite number?
True
Is 1785967 a prime number?
False
Is 192290929 a prime number?
False
Is 701906563 a prime number?
True
Is 19186537 composite?
False
Is 176003651 composite?
True
Is 2161087 prime?
True
Is 7126799 a composite number?
False
Is 1213939 prime?
True
Is 33227 a prime number?
False
Is 104435 a prime number?
False
Is 1041833 a composite number?
True
Is 654179 a composite number?
True
Is 78529721 prime?
True
Is 49449947 a prime number?
False
Is 168312862 a composite number?
True
Is 205864657 prime?
False
Is 36343001 a prime number?
False
Is 1329044113 composite?
False
Is 18754339 composite?
False
Is 42075967 prime?
True
Is 53044465 a composite number?
True
Is 5537693 a prime number?
False
Is 6120973 composite?
True
Is 234391139 a composite number?
False
Is 9374189 a composite number?
True
Is 46489621 a prime number?
True
Is 79980503 a prime number?
False
Is 3578559 prime?
False
Is 20087699 a prime number?
False
Is 411380141 prime?
False
Is 2468527 prime?
True
Is 2911679 a composite number?
False
Is 130720283 composite?
True
Is 8790709 a composite number?
True
Is 126019939 composite?
False
Is 137197163 prime?
False
Is 12699133 a composite number?
False
Is 24265709 prime?
False
Is 87094999 composite?
False
Is 805669 composite?
True
Is 554569 a composite number?
False
Is 5198027 prime?
True
Is 637817047 a prime number?
False
Is 717279307 prime?
True
Is 953297 prime?
True
Is 3876449 composite?
False
Is 192571 a prime number?
True
Is 1583191 composite?
False
Is 10663979 prime?
True
Is 155059603 a composite number?
True
Is 62090257 composite?
True
Is 200808479 prime?
True
Is 10336489 a composite number?
False
Is 163970633 composite?
False
Is 13805699 a composite number?
True
Is 28624579 a composite number?
False
Is 96810311 composite?
True
Is 444209 prime?
True
Is 117938819 a prime number?
True
Is 13313863 a prime number?
True
Is 12988007 a composite number?
False
Is 1475669 a composite number?
True
Is 166058611 a composite number?
True
Is 38220977 a prime number?
True
Is 37414357 composite?
False
Is 9219461 prime?
True
Is 14187341 composite?
True
Is 1432560137 a composite number?
False
Is 14281859 a prime number?
False
Is 8280247 a prime number?
True
Is 78656341 a prime number?
False
Is 9619817 composite?
False
Is 22432231 composite?
True
Is 6103301 a composite number?
True
Is 3647747 prime?
True
Is 65970209 a composite number?
False
Is 220348607 prime?
True
Is 734670415 a composite number?
True
Is 43075367 composite?
False
Is 23093 composite?
True
Is 3342833 composite?
True
Is 5593643 composite?
True
Is 1730995723 prime?
True
Is 37397621 prime?
True
Is 117191267 a composite number?
False
Is 207286393 a prime number?
True
Is 92592721 prime?
False
Is 381647347 a prime number?
False
Is 4597771 prime?
True
Is 10411081 composite?
True
Is 8905037 a prime number?
False
Is 20839309 prime?
True
Is 2086031 a prime number?
False
Is 90058217 prime?
True
Is 53364695 a composite number?
True
Is 34698133 composite?
False
Is 21111763 a composite number?
True
Is 11602319 a composite number?
False
Is 44072737 a prime number?
False
Is 40020979 a prime number?
False
Is 4859089 a composite number?
True
Is 137418949 composite?
False
Is 13621547 a prime number?
False
Is 76189857 composite?
True
Is 4555391 composite?
False
Is 323754099 a composite number?
True
Is 5973677 composite?
True
Is 295258403 composite?
True
Is 28679701 a composite number?
False
Is 37231793 prime?
True
Is 200621537 a prime number?
True
Is 21205759 composite?
False
Is 102991 a prime number?
False
Is 478164815 a prime number?
False
Is 16675409 composite?
False
Is 13077595 a prime number?
False
Is 194814933 a composite number?
True
Is 4736533 prime?
False
Is 6575287 a composite number?
True
Is 6145273 composite?
False
Is 102641263 a composite number?
True
Is 985921 a composite number?
False
Is 390917 composite?
True
Is 26773333 composite?
True
Is 1035405853 a prime number?
True
Is 234632578 prime?
False
Is 6455707 composite?
False
Is 2463667 a prime number?
True
Is 796414 composite?
True
Is 443405702 a prime number?
False
Is 916967 composite?
True
Is 93468257 composite?
False
Is 35677261 composite?
False
Is 157644479 a composite number?
False
Is 2772845 a prime number?
False
Is 23875433 prime?
False
Is 3966631 composite?
False
Is 47891549 composite?
False
Is 135013891 a composite number?
False
Is 5106721 a composite number?
True
Is 838193 a prime number?
True
Is 13576753 a prime number?
False
Is 136303 composite?
False
Is 836203 composite?
False
Is 4004909 a prime number?
True
Is 3166871 a prime number?
True
Is 161193859 a composite number?
True
Is 3408821 a prime number?
False
Is 17707889 prime?
True
Is 30714758 a prime number?
False
Is 86809117 a prime number?
True
Is 7858873 a composite number?
True
Is 21329563 a composite number?
True
Is 15765397 prime?
True
Is 1552751 a composite number?
True
Is 26017111 a prime number?
True
Is 203117 a prime number?
True
Is 4387837 a composite number?
False
Is 101833 prime?
True
Is 3850199 a composite number?
False
Is 7418071 prime?
True
Is 10210471 a prime number?
False
Is 977204129 a composite number?
True
Is 2357011 prime?
False
Is 181284295 a composite number?
True
Is 10150627 a composite number?
False
Is 55575929 a composite number?
False
Is 16957919 a composite number?
True
Is 128273309 a composite number?
True
Is 274655131 a prime number?
True
Is 12351583 composite?
False
Is 1811923 composite?
False
Is 118751758 a composite number?
True
Is 2530666 a composite number?
True
Is 283922467 prime?
False
Is 3232739 prime?
True
Is 2356891 a prime number?
True
Is 26827067 a composite number?
True
Is 1536467 prime?
True
Is 78895597 a composite number?
True
Is 3703769 a prime number?
True
Is 318576507 prime?
False
Is 1943563 a composite number?
True
Is 868993 prime?
True
Is 1896547 a composite number?
False
Is 3357667 composite?
False
Is 12279617 a composite number?
True
Is 42778055 composite?
True
Is 3790267 a prime number?
False
Is 18235057 a prime number?
True
Is 854212331 a prime number?
False
Is 2641337 prime?
True
Is 406896877 prime?
True
Is 139927727 a composite number?
False
Is 1152080159 composite?
False
Is 1469047 composite?
False
Is 42279847 a composite number?
False
Is 437777 composite?
True
Is 118461559 a prime number?
False
Is 199853 a composite number?
False
Is 5433551 prime?
False
Is 239511253 a prime number?
True
Is 2091379 composite?
False
Is 3435955795 a prime number?
False
Is 1310555 prime?
False
Is 35422781 composite?
True
Is 111556099 composite?
True
Is 331716313 composite?
True
Is 3499 composite?
False
Is 50029277 composite?
True
Is 229617293 composite?
True
Is 31012039 composite?
False
Is 202214497 a prime number?
False
Is 1430269 a composite number?
True
Is 23999137 a composite number?
True
Is 818659 prime?
True
Is 1653703 a prime number?
False
Is 4086631 a composite number?
False
Is 2925313 a composite number?
False
Is 1103669 composite?
True
Is 1825849 a composite number?
True
Is 16009471 a composite number?
False
Is 97720591 a co